{"id":2,"date":"2021-12-09T17:32:56","date_gmt":"2021-12-09T17:32:56","guid":{"rendered":"https:\/\/dsc2.ch\/?page_id=2"},"modified":"2025-09-29T15:25:12","modified_gmt":"2025-09-29T15:25:12","slug":"why","status":"publish","type":"page","link":"https:\/\/dsc2.info\/index.php\/why\/","title":{"rendered":"Wozu DSC2?"},"content":{"rendered":"\n<p>Das Digital Security Control Center (DSC2) ist  das Kontrollzentrum f\u00fcr die Digitale Sicherheit in ihrer Organisation.<\/p>\n\n\n\n<p>Mit Hilfe des DSC2 f\u00fchren Sie ihr Managementsystem f\u00fcr Informationssicherheit (ISMS) und\/oder ihr Privacy Information Management System (PIMS) in der H\u00e4lfte der bisher ben\u00f6tigten Zeit.<\/p>\n\n\n\n<p><\/p>\n\n\n\n<div class=\"wp-block-buttons is-horizontal is-content-justification-center is-layout-flex wp-container-core-buttons-is-layout-499968f5 wp-block-buttons-is-layout-flex\">\n<div class=\"wp-block-button\"><a class=\"wp-block-button__link wp-element-button\" href=\"https:\/\/dsc2.info\/index.php\/functions\/\">Funktionen<\/a><\/div>\n<\/div>\n\n\n\n<p><\/p>\n","protected":false},"excerpt":{"rendered":"<p>Das Digital Security Control Center (DSC2) ist das Kontrollzentrum f\u00fcr die Digitale Sicherheit in ihrer Organisation. Mit Hilfe des DSC2 f\u00fchren Sie ihr Managementsystem f\u00fcr &hellip;<\/p>\n","protected":false},"author":1,"featured_media":0,"parent":0,"menu_order":1,"comment_status":"closed","ping_status":"closed","template":"","meta":{"footnotes":""},"class_list":["post-2","page","type-page","status-publish","hentry"],"_links":{"self":[{"href":"https:\/\/dsc2.info\/index.php\/wp-json\/wp\/v2\/pages\/2","targetHints":{"allow":["GET"]}}],"collection":[{"href":"https:\/\/dsc2.info\/index.php\/wp-json\/wp\/v2\/pages"}],"about":[{"href":"https:\/\/dsc2.info\/index.php\/wp-json\/wp\/v2\/types\/page"}],"author":[{"embeddable":true,"href":"https:\/\/dsc2.info\/index.php\/wp-json\/wp\/v2\/users\/1"}],"replies":[{"embeddable":true,"href":"https:\/\/dsc2.info\/index.php\/wp-json\/wp\/v2\/comments?post=2"}],"version-history":[{"count":25,"href":"https:\/\/dsc2.info\/index.php\/wp-json\/wp\/v2\/pages\/2\/revisions"}],"predecessor-version":[{"id":366,"href":"https:\/\/dsc2.info\/index.php\/wp-json\/wp\/v2\/pages\/2\/revisions\/366"}],"wp:attachment":[{"href":"https:\/\/dsc2.info\/index.php\/wp-json\/wp\/v2\/media?parent=2"}],"curies":[{"name":"wp","href":"https:\/\/api.w.org\/{rel}","templated":true}]}}